te the remainder when 15886 is divided by 15582.
304
What is the remainder when 1545166 is divided by 1545048?
118
What is the remainder when 3865 is divided by 785?
725
Calculate the remainder when 26178 is divided by 238.
236
Calculate the remainder when 4302080 is divided by 338.
16
Calculate the remainder when 38355 is divided by 1280.
1235
Calculate the remainder when 166166 is divided by 154.
0
Calculate the remainder when 15529119 is divided by 8458.
231
What is the remainder when 43050 is divided by 42700?
350
What is the remainder when 3431386 is divided by 12569?
49
Calculate the remainder when 23927 is divided by 601.
488
Calculate the remainder when 80887 is divided by 1147.
597
What is the remainder when 46690 is divided by 916?
890
Calculate the remainder when 378379 is divided by 378193.
186
Calculate the remainder when 21676 is divided by 2160.
76
Calculate the remainder when 27787 is divided by 3977.
3925
Calculate the remainder when 49306 is divided by 1455.
1291
Calculate the remainder when 2146579 is divided by 536643.
7
Calculate the remainder when 454984518 is divided by 1001.
989
What is the remainder when 401572 is divided by 91?
80
What is the remainder when 27069 is divided by 4507?
27
What is the remainder when 336230 is divided by 720?
710
Calculate the remainder when 1405623 is divided by 6924.
51
Calculate the remainder when 7854729 is divided by 4.
1
Calculate the remainder when 6588781 is divided by 153.
142
What is the remainder when 106747 is divided by 5599?
366
What is the remainder when 11492331 is divided by 10651?
10553
What is the remainder when 15495387 is divided by 3099076?
7
Calculate the remainder when 14742328 is divided by 47.
26
What is the remainder when 111858 is divided by 1091?
576
What is the remainder when 1922146 is divided by 42?
16
What is the remainder when 491881 is divided by 4353?
4345
What is the remainder when 177522829 is divided by 135?
124
Calculate the remainder when 21754047 is divided by 306.
201
Calculate the remainder when 12701407 is divided by 470422.
13
Calculate the remainder when 1974535 is divided by 23777.
1044
What is the remainder when 108251 is divided by 2107?
794
What is the remainder when 325877 is divided by 5094?
4955
What is the remainder when 9456287 is divided by 394005?
167
What is the remainder when 2976715 is divided by 12?
7
Calculate the remainder when 1178230 is divided by 3799.
540
What is the remainder when 9129691 is divided by 1304233?
60
Calculate the remainder when 981395 is divided by 140193.
44
Calculate the remainder when 3937811 is divided by 131.
82
Calculate the remainder when 2783995 is divided by 10048.
699
What is the remainder when 27606576 is divided by 22?
8
Calculate the remainder when 14960536 is divided by 331.
329
Calculate the remainder when 4281758 is divided by 49.
40
Calculate the remainder when 5541087 is divided by 278.
269
What is the remainder when 1618309963 is divided by 326?
323
Calculate the remainder when 44177460 is divided by 1077.
1074
What is the remainder when 32919 is divided by 64?
23
Calculate the remainder when 411841 is divided by 522.
505
Calculate the remainder when 21271388 is divided by 401345.
103
Calculate the remainder when 307294 is divided by 10974.
22
Calculate the remainder when 191658452 is divided by 133.
132
What is the remainder when 1203714 is divided by 243?
135
Calculate the remainder when 27271722 is divided by 27271721.
1
What is the remainder when 6206693 is divided by 232?
229
Calculate the remainder when 9268367 is divided by 180.
167
What is the remainder when 218548 is divided by 31102?
834
Calculate the remainder when 1891111 is divided by 3998.
57
What is the remainder when 119870 is divided by 170?
20
What is the remainder when 1069296 is divided by 3700?
3696
What is the remainder when 627283 is divided by 7744?
19
Calculate the remainder when 3706587 is divided by 15840.
27
Calculate the remainder when 299676 is divided by 29.
19
What is the remainder when 169774 is divided by 15418?
176
Calculate the remainder when 11417930 is divided by 1748.
1742
Calculate the remainder when 3279817 is divided by 46854.
37
What is the remainder when 24296 is divided by 10917?
2462
Calculate the remainder when 17293074 is divided by 209.
205
What is the remainder when 26365208 is divided by 205978?
24
What is the remainder when 189665 is divided by 94607?
451
What is the remainder when 9138582 is divided by 787?
725
Calculate the remainder when 1480826 is divided by 2740.
1226
Calculate the remainder when 29596 is divided by 578.
118
What is the remainder when 98867 is divided by 2280?
827
What is the remainder when 621907 is divided by 1154?
1055
What is the remainder when 1190926 is divided by 1411?
42
Calculate the remainder when 381390 is divided by 381142.
248
What is the remainder when 430455 is divided by 247?
181
Calculate the remainder when 2943739 is divided by 245311.
7
Calculate the remainder when 15572823 is divided by 55.
13
Calculate the remainder when 7444157 is divided by 2352.
77
What is the remainder when 10588950 is divided by 22?
20
Calculate the remainder when 16079 is divided by 996.
143
What is the remainder when 1587616 is divided by 3474?
3472
Calculate the remainder when 7121905 is divided by 26.
11
Calculate the remainder when 159472 is divided by 2703.
2698
What is the remainder when 112097 is divided by 2802?
17
Calculate the remainder when 1727214 is divided by 8344.
6
What is the remainder when 81669105 is divided by 1182?
1179
Calculate the remainder when 926133 is divided by 4518.
4461
Calculate the remainder when 10209695 is divided by 19.
7
What is the remainder when 61237381 is divided by 1780?
41
Calculate the remainder when 138783 is divided by 12598.
205
Calculate the remainder when 4812862 is divided by 1604252.
106
What is the remainder when 290193 is divided by 72415?
533
What is the remainder when 2284087 is divided by 82?
59
What is the remainder when 117514 is divided by 1350?
64
What is the remainder when 736095 is divided by 105152?
31
What is the remainder when 4547089 is divided by 1515694?
7
What is the remainder when 36915004 is divided by 300?
4
Calculate the remainder when 2811617 is divided by 201.
29
Calculate the remainder when 17791996 is divided by 24306.
4
What is the remainder when 103191741 is divided by 348?
345
What is the remainder when 1308875 is divided by 3208?
11
Calculate the remainder when 14718690 is divided by 411.
369
What is the remainder when 8252705 is divided by 8893?
1
Calculate the remainder when 697080 is divided by 33.
21
What is the remainder when 142783 is divided by 71007?
769
Calculate the remainder when 29404030 is divided by 11948.
2
What is the remainder when 3119888 is divided by 121?
24
Calculate the remainder when 450006 is divided by 498.
312
Calculate the remainder when 230941 is divided by 1957.
15
What is the remainder when 3408229 is divided by 196?
181
What is the remainder when 803691 is divided by 178?
21
Calculate the remainder when 37586662 is divided by 1978245.
7
Calculate the remainder when 26250487 is divided by 1202.
9
What is the remainder when 62646 is divided by 7828?
22
What is the remainder when 202631 is divided by 751?
612
Calculate the remainder when 2613721 is divided by 834.
799
What is the remainder when 752230 is divided by 188054?
14
Calculate the remainder when 17783 is divided by 480.
23
What is the remainder when 25943380 is divided by 1853098?
8
What is the remainder when 483234 is divided by 1880?
74
Calculate the remainder when 125426 is divided by 125253.
173
Calculate the remainder when 1603274 is divided by 1375.
24
What is the remainder when 1823531 is divided by 19195?
6
What is the remainder when 139610061 is divided by 249?
243
Calculate the remainder when 440250 is divided by 437788.
2462
What is the remainder when 90795684 is divided by 809?
805
What is the remainder when 694116 is divided by 1727?
1589
What is the remainder when 1751903 is divided by 248?
31
What is the remainder when 899384 is divided by 449691?
2
Calculate the remainder when 2493186 is divided by 689.
384
What is the remainder when 11525784 is divided by 273?
270
What is the remainder